d = z + 136. What is the highest common divisor of 725 and d?
29
Suppose 14*d + 332 = 1872. What is the greatest common divisor of 2695 and d?
55
Let a(n) = -19*n - 127. Let z be a(-8). Suppose -z = -3*i + 83. What is the highest common divisor of 27 and i?
9
Let b(r) = 13*r + 4. Let m be b(20). Suppose 12*d - 9*d = m. Calculate the greatest common divisor of d and 8.
8
Suppose -52 - 98 = -3*k. Suppose 5*v = -3*d - 242 - 426, 3*v + 1092 = -5*d. Let w = 184 - d. Calculate the greatest common factor of w and k.
50
Let o be 72/20*5/3 - 1848/(-2). What is the highest common factor of o and 2945?
155
Let s be (1 + 63)/(-8) + 10 - -7498. What is the greatest common factor of s and 60?
60
Let w = -11097 - -11197. What is the highest common factor of w and 620?
20
Let j = -495 - -496. Let t be j/5 + (-19)/(-5). What is the greatest common factor of 14 and t?
2
Let l = -23309 + 36815. Calculate the greatest common divisor of 6 and l.
6
Suppose -5*u + 877 = 3*k, 2*u - 3*k - 2*k = 357. Suppose -48*h = -52*h - 4*t + 4, 2*h - t = 47. What is the highest common factor of h and u?
16
Suppose 0 = 49*u + 122 - 6051. Let w(l) = l**2 - 10*l - 13. Let b be w(12). What is the highest common divisor of b and u?
11
Suppose 165*o = 166*o, 0 = -4*p - 5*o + 160. What is the highest common factor of 35 and p?
5
Suppose 19162 = 38*l + 808. What is the highest common divisor of 207 and l?
69
Let g be ((-10)/(-4))/(((-18)/(-3))/2388). Let o = -971 + g. Calculate the greatest common divisor of 78 and o.
6
Suppose 0 = -1525*c + 1532*c - 35 + 7. What is the highest common factor of c and 1726?
2
Let b = -280 - -487. Suppose w = -55 + b. Calculate the greatest common factor of 190 and w.
38
Let q = 36 - 0. Suppose -f = -4*f + 4*h - 29, 2 = 6*f + 4*h. Let o be (-9)/f - 4182/(-34). What is the highest common factor of o and q?
18
Suppose -10*i = 8328 - 35578. Calculate the highest common divisor of 109 and i.
109
Let f(z) = -2*z**3 - 49*z**2 + 27*z + 49. Let x be f(-25). Let g be -52*(-4)/8 - x. Calculate the highest common divisor of 1 and g.
1
Let w(v) = 23*v - 1264. Let i be w(55). Calculate the highest common divisor of 373 and i.
1
Suppose 3*q + 56*h - 458 = 54*h, -q + 141 = -h. What is the highest common divisor of 44 and q?
4
Let y be (-1)/(26/14 - 2). Let n = 14 - y. Suppose 19*t + 12 = 278. What is the greatest common divisor of n and t?
7
Suppose 5*d + 3*d + 120 = 0. Let k = d + 18. Let w be -2*k/3*(-15)/3. What is the greatest common factor of 50 and w?
10
Suppose -440 = 5*v - 7*v. Suppose -5*k - 2*l - v = 0, 3*k - 3*l + 44 = 2*k. Let u be (k/(-3))/(-2)*27/(-18). What is the highest common factor of u and 110?
11
Suppose -2*c + 13*c - 1512 = -10*c. Let k be (-6)/(-2) + 933 + 0. Calculate the greatest common divisor of c and k.
72
Suppose -29*x = 13*x - 6*x - 23760. What is the highest common divisor of x and 4785?
165
Let l = 7444 - 7345. What is the highest common divisor of l and 5005?
11
Let c(r) = 4*r**2 + 21*r - 44. Let m(d) = -5*d**2 - 20*d + 45. Let t(j) = 6*c(j) + 5*m(j). Let s be t(24). What is the highest common factor of s and 207?
9
Suppose 0 = 13*p - 10*p + 12, -172 = -4*y + 4*p. Suppose 6*u = 3*u + 78. What is the highest common factor of u and y?
13
Let s(z) = z**3 + 32*z**2 + 65*z + 91. Let f be s(-29). Suppose -8*i = -f - 207. Calculate the highest common divisor of i and 156.
39
Suppose -10 = 5*y, 3*l + 3*y + 2*y = -22. Let k = -10 - l. Let n be (-90)/(k/3) - (-4 + 3). Calculate the highest common divisor of 184 and n.
46
Suppose 8*x + 40*x + 22*x = 75600. What is the greatest common divisor of 256 and x?
8
Let k be (-3)/1 - (-4 + -2). Suppose 5*v - 128 = -k*g, 0 = g + 4*v + 32 - 84. Calculate the greatest common factor of 324 and g.
36
Suppose -71 = 2*l + 3*k - 328, 396 = 3*l + k. Suppose -6*y + 355 = l. Suppose -y = r - 50. What is the highest common factor of r and 39?
13
Suppose 4*d + 2*b = 386, 90 + 96 = 2*d + 2*b. Calculate the greatest common divisor of d and 310.
10
Let h(y) = y - 2. Let l be h(-5). Let r = l - -35. Calculate the greatest common factor of 252 and r.
28
Let p(u) = -u**3 + 2*u**2 + 5*u + 3. Let v be p(-2). Let h = -472 + 529. Calculate the greatest common factor of h and v.
3
Let n(u) = 60*u**2 + 3*u. Let b be n(-2). Let i = -208 + b. What is the highest common divisor of i and 208?
26
Let r be 7/(-3) + (-2800)/(-75) + 9. Calculate the highest common divisor of r and 54076.
44
Let z be (405 - (-23 - -10))/1. Let c = 34 - 12. What is the highest common factor of z and c?
22
Let g(o) = 139*o + 1854. Let f be g(-12). What is the greatest common divisor of 1364 and f?
62
Let v(r) = r**2 + 4*r - 61. Let a be v(29). Let f = a - 870. What is the highest common factor of 754 and f?
26
Suppose -93*y + 864 = 306. Suppose 5*t = 10*t - 570. What is the greatest common divisor of t and y?
6
Let l be 776 - (1*280/(-60) + 4/6). What is the greatest common factor of 4095 and l?
195
Let g(i) = 3*i**3 - 6*i**2 - 3*i + 6. Let d be g(6). Calculate the highest common divisor of 45 and d.
15
Let u be 2 - 9 - -3 - -2. Let s be (25 + u)/(-1*2/4). Let h = 48 + s. What is the highest common factor of h and 2?
2
Suppose 3*j - 11 = j - r, -3*j + 2*r + 13 = 0. Suppose j = k - 1. Suppose 240 = -22*h + 38*h. What is the greatest common divisor of k and h?
3
Let v = 341 + 555. Calculate the highest common factor of v and 384.
128
Let g(r) = 2*r**3 - 6*r**2 + 10*r + 10. Suppose 18 = -0*y + 3*y - n, -5*y = -5*n - 20. Let s be g(y). Calculate the highest common divisor of 8 and s.
8
Let j(w) = -w**3 + 24*w**2 + 3*w - 58. Suppose -5*o + 192 = 3*o. Let h be j(o). What is the greatest common divisor of h and 35?
7
Let t = -3609 - -3684. What is the highest common factor of t and 405?
15
Suppose 5*z - 2270 = -5*v, -v - 386 - 1890 = -5*z. Suppose -63*b = -51*b - 420. What is the highest common divisor of b and z?
35
Suppose -46*f + 27843 = 6216 - 1189. Calculate the greatest common factor of 1271 and f.
31
Suppose 0 = -9*s + 1340 - 3995. Let p = -281 - s. What is the highest common divisor of p and 2?
2
Suppose -2*c = -w + 8, w - 3*c = -0*w + 6. Suppose 0 = -304*m + 57928 - 12328. What is the highest common factor of m and w?
6
Let z(r) = 188*r + 4. Let k be z(-3). Let h be k/24*5/(75/(-27)). Calculate the greatest common divisor of 483 and h.
21
Let w(q) = 33*q**3 + q**2 - q - 2. Let v be (4/13)/(-12 + 1264/104). Let k be w(v). What is the highest common factor of 48 and k?
24
Let s = 162819 + -110806. Calculate the highest common divisor of s and 13.
13
Suppose 42 = i - 20. Let h be (-21)/(-2) - (-11)/((-198)/(-27)). Let j be 62*(-4 - (-66)/h). What is the highest common factor of j and i?
31
Suppose 47*k = -51*k + 27636. Calculate the greatest common factor of 1222 and k.
94
Suppose -42 = -4*z - 5*x, -33*z - 3*x - 26 = -37*z. What is the highest common factor of 7360 and z?
8
Let v(p) = p**3 - 15*p**2 + 53*p. Let g be v(11). What is the highest common factor of 63 and g?
9
Suppose -2*s = 10, -2*c = -2*s - 1 - 21. What is the greatest common divisor of 4866 and c?
6
Suppose -5*a - 4*z + 18682 = 0, 2*a = -4*z + 8712 - 1244. Suppose 7*g - a = -525. Suppose 10 = v - 41. Calculate the greatest common factor of v and g.
51
Let d(t) = -463*t - 1469. Let n be d(-8). What is the highest common factor of 15 and n?
15
Let t(l) = 2*l**2 - 4*l + 4. Let k be t(2). Suppose 3*n - d = -k*d + 21, -3*n = -2*d + 4. Suppose n*c - 7 = 3. Calculate the highest common divisor of c and 5.
5
Suppose -179*m = -233*m + 71604. Calculate the greatest common factor of m and 306.
102
Suppose 91*v = 40168 + 19892. Suppose 2*i + 3*m - 118 = 11, 4*i = 2*m + 234. Calculate the greatest common divisor of v and i.
60
Let c = 13249 - 13129. What is the greatest common divisor of c and 4080?
120
Let m be 1060/220 + 4/22. Suppose 4*f + 36 = m*i, 0 = i + f - 4 - 5. Let z(c) = 6*c. Let w be z(4). Calculate the highest common factor of i and w.
8
Suppose 183 = 3*m + 12. Suppose d + 5*f - 11 = 13*f, -2*d - f = -39. Calculate the highest common factor of m and d.
19
Let x be (2/3 - -2)/((-16)/(-72)). Suppose 115 = -3*c + 295. Calculate the highest common factor of x and c.
12
Suppose -623*m + 703*m - 602640 = 0. Calculate the highest common factor of 62 and m.
31
Let q = -11078 - -16562. What is the high